 -k**5/20 + 7*k**4/12 - k**3 - k**2 + 2*k. Calculate q(p).
-2
Let v(n) = -2*n + 1. Let j be ((-56)/(-10) + -6)/((-2)/10). What is v(j)?
-3
Let l(z) = z**3 - 5*z**2 - z + 1. Suppose -t = -m, 0 = -0*m - 2*m + 4*t - 10. What is l(m)?
-4
Let c = -24 - -27. Let y(b) = -5*b**3 + 3*b**2 - 2*b - 15. Let x(m) = -2*m**3 + m**2 - m - 7. Let g(r) = 7*x(r) - 3*y(r). Calculate g(c).
2
Let g(r) be the first derivative of r**5/20 + 5*r**4/12 - r**3 + 3*r**2/2 - 6*r + 5. Let m(u) be the first derivative of g(u). Determine m(-6).
3
Let i(y) be the first derivative of -y**3/3 + 7*y**2/2 - 6*y + 66. Let g be (-3)/(7/(-4) + 1). What is i(g)?
6
Suppose 0*u - 4*u - 2*h = -14, 2*u + 5 = -5*h. Suppose -4*j = -u*j. Let f(g) = j - g + 1 + 1. Determine f(-2).
4
Let j(p) = -15*p**2 + p + 1. Let s = -1 + 0. Determine j(s).
-15
Let s(r) be the first derivative of -2*r**3/3 - 3*r**2/2 + 4*r + 20. Give s(3).
-23
Suppose 1 = 4*v - 7. Let r(b) = -b**2 - v*b + b**2 - 2*b**2. Let m(s) = -s. Let g(q) = -5*m(q) + r(q). Give g(2).
-2
Let w(u) = 4*u - 2. Let g be w(4). Suppose n + 2*n + 3*k + 6 = 0, -3*k = -n - g. Let i(q) = -q - 9. Calculate i(n).
-4
Let s = 1 + 0. Let t(q) = q**2 + q. Determine t(s).
2
Let p(o) = 4*o**2 + 24*o + 2 - 18*o - 3*o**2. Let q = -12 - -7. Give p(q).
-3
Let m be (1 - 6/(-4))/(25/(-50)). Let i(d) = -d - 6. Determine i(m).
-1
Suppose 0 = 3*c + t - 5, -5*c - 3*t - 2*t + 5 = 0. Let r = c - -1. Let k(l) = r - 2*l**2 + l + 4*l**3 - l**2 - 5*l**3. Give k(-3).
0
Let f = 19 + -22. Let u(i) = -i - 4. Determine u(f).
-1
Let g(a) = 11*a**3 - 6*a**2 + 13*a + 2. Let c(k) = 5*k**3 - 3*k**2 + 6*k + 1. Let v(f) = 9*c(f) - 4*g(f). Determine v(2).
1
Let k(l) = -7*l + 10. Let u(q) = -q + 1. Let f(y) = -k(y) + 6*u(y). Give f(0).
-4
Suppose 0 = s + 4*f + 15, 2*s - f + 2 = -2*f. Let x(o) = -22*o**3 + o**2. Give x(s).
-21
Let h(p) = p**2 - 8*p - 12. Let l = -29 - -38. Determine h(l).
-3
Let u(r) be the first derivative of -r**4/4 + 4*r**3/3 + 2*r**2 - 5*r - 20. Calculate u(4).
11
Let r(y) be the second derivative of -y**3/6 - y**2/2 + 21*y. Give r(6).
-7
Let c(r) = -2*r + 12. Let f be c(4). Let o = f - 1. Let p(w) = 3*w**2 - 2*w + w**3 + 0*w**3 - 2*w**3. Give p(o).
-6
Let p = -38 + 44. Let s(x) = x**2 - 7*x + 9. Give s(p).
3
Let x = 2 - 7. Suppose 2*n + 1 - 9 = 0. Let s(k) = -n + k + 0*k + 0. What is s(x)?
-9
Let n(i) = i + 2. Let m = -28 - -26. Let g be (-1)/m*140/(-14). Calculate n(g).
-3
Let x(s) = s**2 - s + 2. Suppose 5*y = -5*w - 30, w + 4*y - 2 = -20. Calculate x(w).
8
Let o(w) = w**2 + 10*w + 8. Let a = 6 - 15. Let t be o(a). Let p(c) = 3*c**3 + 2*c**2 - 1. Give p(t).
-2
Suppose 5*a - 6 = 4. Let m = a - 1. Let t(j) = 1 + m + 1 - 2*j. Calculate t(3).
-3
Let k(u) = u**2 + 6*u - 3. Suppose 0 = 3*s - j + 6*j - 12, 0 = -3*s + 3*j + 12. Suppose -s*a + 21 - 41 = 0. What is k(a)?
-8
Let g(d) = d**2 - 5. Let n be g(0). Let y be (0 + 2)*(7 + n). Let b = -5 + y. Let r(p) = -3*p**3 - 2*p**2 - p. What is r(b)?
2
Suppose 2*x = -o - 6, 0 = -6*o + 3*o + 12. Let w(l) = -11*l - 11. Let d(q) = -5*q - 5. Let n(u) = -9*d(u) + 4*w(u). Determine n(x).
-4
Let t(k) = k - 3. Let u be 7*(-1 + 0) - -1. Let v(g) = -g**2 - 8*g - 5. Let q be v(-5). Let z be q/u*(-5 - -2). Calculate t(z).
2
Let u(x) = -3*x - 1. Suppose -10 = k - 4. Give u(k).
17
Suppose -5*h + 0 = 15. Let v(a) = 3*a - 2 + 0 + 5. What is v(h)?
-6
Let t = -3 - -7. Let c(p) = -t*p - 4*p - p. Suppose n - 1 = 2*o, 4*n + 5*o = -0 + 4. Determine c(n).
-9
Let g(f) = 2*f - 18. Let d be g(9). Let x(k) be the first derivative of -2 + k**3 + 1/4*k**4 + 4*k + d*k**2. Calculate x(-3).
4
Let p be 4*(21/(-12))/(-7). Let t(v) = -11*v**2 - 4*v - 7. Let a(f) = 12*f**2 + 5*f + 8. Let k(n) = -6*a(n) - 7*t(n). Determine k(p).
4
Let z = 14 - 20. Let s(k) = -2*k - 9. Give s(z).
3
Let h(f) = -2*f + 3 - 6*f - 6 + 3*f**2 - 1 + f**3. What is h(-5)?
-14
Suppose -2*x + 7*x = 5. Let j(n) = 4*n**2 - 1. What is j(x)?
3
Let d(o) be the first derivative of o**3/3 + o**2 + 20. Calculate d(-3).
3
Let k(a) be the third derivative of -a**5/60 + a**4/3 - 5*a**3/6 + 6*a**2. Determine k(6).
7
Let q(k) = k**2 - 4*k. Let j be q(5). Let y(s) = -s**3 + 5*s**2 + s - 7. What is y(j)?
-2
Let t be 170/30 + (4/(-3))/2. Let x(p) be the second derivative of -p**4/12 + 2*p**3/3 + 2*p**2 - p. Calculate x(t).
-1
Let r(b) = -2 - b + 0*b - b. Let v = 8 - 4. Suppose -v*z + 7*z + 2*i + 21 = 0, 5*z = -3*i - 34. Determine r(z).
8
Let w(n) = n - 5. Let b(c) = -3*c + 14. Suppose 6*k + 40 = k. Suppose 0 = -3*r - 8 - 1. Let q(z) = k*w(z) + r*b(z). Determine q(4).
2
Let s(z) = 4*z + 2*z + 1 - 3*z. Suppose 0 = -2*b + 14*o - 17*o + 1, 2*o = 3*b - 8. Calculate s(b).
7
Let u = 5 - 2. Let o = 6 - 5. Let n = o + u. Let l(i) = i. What is l(n)?
4
Let v(f) be the first derivative of f**2 + 2 + 1/3*f**3 - 3*f. Let b be 8*((-14)/(-4))/(-7). Give v(b).
5
Let a(d) = d**3 - 6*d**2 + 6*d + 2. Let l(b) be the second derivative of -b**5/20 + 7*b**4/12 + 5*b**2/2 - 3*b. Let w be l(7). Give a(w).
7
Let z(k) be the third derivative of -k**8/20160 - k**7/2520 - k**5/6 + k**2. Let m(s) be the third derivative of z(s). Calculate m(-2).
0
Let x(p) = p + 5. Let a be x(-3). Let z(r) = -r - a*r + r. Let y(s) = s**2 - 6*s. Let u be y(5). What is z(u)?
10
Suppose 2 + 3 = 5*d. Let r(x) = -d + x - x + x. Give r(-6).
-7
Suppose -5*y = -3*y - 10. Suppose -y*u + 13 = 4*a - 3*a, 0 = 4*u + a - 11. Let s(p) = -p - 2 + 3*p + 4*p - 2*p**2 - u*p. Determine s(3).
-8
Let k(v) = v**2 - 5*v + 7. Let w(t) = -t**3 - 12*t**2 - 12*t - 15. Let m be w(-11). Let a be m/6 + (-51)/(-9). Give k(a).
7
Let d(x) = 4 - 4*x - 3*x**2 - 5 + 0. Suppose 2*n = -3*s, 4*n - s - 4*s = -22. What is d(n)?
-16
Let h(z) = 1 - 3 - z + 1. Let p(t) be the second derivative of -t**3/6 + 3*t**2 - 3*t. Let r be p(10). What is h(r)?
3
Let t(m) = -m + 2. Let y be t(-3). Let g(s) be the third derivative of s**6/120 - s**5/12 + s**4/24 - 5*s**3/6 + 2*s**2. Give g(y).
0
Let g(k) be the first derivative of k**3/3 - 11*k**2/2 + 15*k - 5. Give g(10).
5
Let o(y) be the first derivative of -2 + y - 3/2*y**2. Let j = 6 - 4. Calculate o(j).
-5
Let z(t) = -t**3 - 3*t**2 + 2*t + 3. Let y(a) = -a**2 + a + 1. Let c(f) = 5*y(f) - 2*z(f). Let j = -4 - -5. Give c(j).
3
Let k = 0 + 2. Suppose -k = 3*r - 14. Let x(v) = -1 + r*v - 4*v + v. What is x(-5)?
-6
Let c(s) be the third derivative of -s**5/60 + s**4/6 + s**3/2 - 24*s**2. Give c(5).
-2
Let v(b) be the third derivative of -b**6/120 - b**5/60 - b**4/24 - b**3/6 + b**2. Suppose -2*m - 4*y = -14, -m - y = -7 + 1. Suppose m*a = a. Give v(a).
-1
Let x(v) = -3*v**2 - 4*v - 3. Let a(f) = -f**2. Let n(r) = -4*a(r) + x(r). Calculate n(3).
-6
Let h = 25/48 + -7/16. Let b(t) be the second derivative of -1/2*t**2 - h*t**4 + 0 + 1/3*t**3 + 3*t. What is b(3)?
-4
Let z(y) be the third derivative of y**4/24 + y**3/2 + 3*y**2. Suppose u = 2*d - 0*u + 1, 4*u - 4 = 4*d. What is z(d)?
3
Suppose -z - 4 = 2*t, 9*z + 3*t - 15 = 4*z. Let w(g) = g - z + 2*g - 2*g + 15. Let y = -6 + 1. Give w(y).
4
Let l(c) be the second derivative of c**6/120 + c**5/12 + c**4/6 + c**3/2 + c**2/2 + 4*c. Let t(y) be the first derivative of l(y). Calculate t(-4).
3
Let c(p) = -12*p**3 + 2*p**2 - p. Suppose 0 = -k + l - 2 + 1, 3*l + 1 = 4*k. Suppose 3*j = -j + k. Calculate c(j).
-11
Suppose 3*m - r = 3*r + 10, 4*r = 5*m - 14. Let c be (-1 + 3/m)*4. Let s(w) = -2*w**2 + 4*w**2 - 1 - 2*w + 2*w**c - w - w**3. Calculate s(3).
-1
Let t = 42 + -44. Let h(f) = -8*f - 1. Determine h(t).
15
Let u(m) = -10*m - 4*m + 11 + 13*m. Give u(7).
4
Let p(o) = -o**3 + 3*o**2 + 5*o - 2. Let y be p(4). Suppose u + y*q = -0 + 2, 5*q = -4*u + 8. Suppose -6 = 2*k + u. Let l(h) = -2*h + 2. Calculate l(k).
10
Let y(h) = -6*h**3 + 2*h**2 - 5 - h**2 + 3 + 3 - h. Let i be -2*((-15)/6 + 2). Calculate y(i).
-5
Let i(l) be the second derivative of -1/2*l**2 + 0 + 2*l - 1/6*l**3. Let z = -6 - -8. Determine i(z).
-3
Let q(k) be the second derivative of -k**7/840 - k**6/180 + k**5/24 + k**4/12 - 4*k**3/3 + 7*k. Let d(n) be the second derivative of q(n). Calculate d(-4).
14
Let h(g) = g - 2. Let o(x) = -2*x**2 - x. Let m be o(2). Let u = -13 - m. What is h(u)?
-5
Let o(w) = -3*w**3 - 1. Let f be o(-1). Let b(i) = i - i**f + 6*i - i. Let k be (-5)/(-4)*2*2. What is b(k)?
5
Let b(v) be the first derivative of v**4/4 - 2*